the units digit of v?
8
Suppose -10 = -5*l - 5*q, 5*l - 2 = 4*q - 1. Suppose 3*s - b = 6, -3*s + 2*b + 5 + l = 0. Let k(m) = 5*m**2 + m - 1. What is the tens digit of k(s)?
2
What is the units digit of (-1169260)/(-209) - 36/66?
4
What is the hundreds digit of 1719/12*(-80)/(-60)?
1
Suppose 3*o + 16 = 7*o. Suppose 4*w - 343 = 3*n, o*w + 0*n = 2*n + 346. What is the tens digit of w?
8
Let w(x) = -19*x**3 + 6*x**2 + 4*x - 2. What is the tens digit of w(-2)?
6
Suppose 5*y - 3*s - 20185 = 0, -3*y - 2*s + 4*s = -12112. What is the hundreds digit of y?
0
Let k(n) = n**3 - 6*n**2 - 13*n - 27. Let s be k(8). What is the units digit of ((-2)/(-8))/(s/6)*-100?
0
Let t = 1369 + 757. What is the hundreds digit of t?
1
Let y = 18 + 2. Let a = y + -16. What is the units digit of a?
4
Suppose -8*d = -9*d + 6. Let p(k) = d - 11*k + 0*k**2 + 0 + 2*k**2. What is the tens digit of p(7)?
2
What is the units digit of (46656/256)/((-1)/(-4))?
9
Let y be (-1)/(-4) + (-1255)/(-20) + -5. Let w = y - -7. What is the units digit of w?
5
Suppose 3*q = 12 + 3. Suppose 179 = 4*l - 4*s - 417, 0 = l + q*s - 119. Suppose -z + 102 = 2*z - 4*b, 5*z + 2*b = l. What is the units digit of z?
0
Let c be (-11)/(-22) - 413/(-2). Let n = c - 48. What is the tens digit of n?
5
Let l(d) = -5*d + 6. Let a be l(-3). Let w = 21 + a. What is the units digit of w?
2
Let i be 55/(-2)*(-6)/5. Let q = i - 4. Let f = -14 + q. What is the tens digit of f?
1
Let q(o) be the second derivative of -o**4/12 - o**3/6 - 3*o**2/2 + 3*o. Let i be q(-2). Let g = i + 32. What is the units digit of g?
7
Let r = 46 + -49. What is the units digit of (13/4 + r + 1)*44?
5
Suppose c + c + 74 = 0. Suppose -4*f - f = 15. What is the units digit of (c/(-3))/(f/(-9))?
7
Suppose 0 = -c + 5*c - 8. Let t be 2*((-21)/c)/(-7). Let d(b) = b**3 + 7*b - 3. What is the tens digit of d(t)?
4
Let n be (-1)/(3/(-156)) - (5 + -6). Suppose n = 4*r - 95. What is the units digit of r?
7
Suppose 2 = s - 2. Suppose -8 = -4*n - 8*d + 4*d, -29 = -s*n + 3*d. Suppose 135 = n*f - 0*f. What is the units digit of f?
7
Suppose -f + 54918 = 17*f. What is the tens digit of f?
5
Suppose 43 = -5*p + 18. Let l be ((-3)/p)/((-4)/(-120)). Suppose l*t - 21*t = -180. What is the tens digit of t?
6
What is the hundreds digit of -1 - 633/6*-4?
4
Let y(o) = 11*o - 1. Let w be y(-2). Let k = w + 39. What is the tens digit of k?
1
Let b(o) = 36*o**2 - o - 2. Let c = -5 - -3. Let u be b(c). Suppose -v + 5*v = k + u, k + 72 = 2*v. What is the tens digit of v?
3
Let f = 1 + 0. Let y be (0/(-2 + -2))/f. Suppose 0 = -2*m - y*m + 54. What is the tens digit of m?
2
Let j = -1097 - -1276. What is the tens digit of j?
7
Let n = -1771 + 2009. What is the units digit of n?
8
Let h be 48/6*(-3)/(-4). Suppose 268 = h*i - i + 4*f, i = -2*f + 50. What is the units digit of i?
6
Suppose -k - i = 4*i - 4, -5*i = 5*k - 80. Suppose 0 = s - 9 - k. Let q = s - -2. What is the units digit of q?
0
Let q(k) = -k + 3. Let f be q(3). Suppose f = 2*g + 3*g. Suppose g = -5*j + 3*j + 6, j = 4*b - 1. What is the units digit of b?
1
Suppose 4*z - 3*n - 2376 = 0, 2970 = 5*z + 4*n - 9*n. What is the hundreds digit of z?
5
Suppose 0 = -5*q - 2*q - 2324. Let j be q/3*(-24)/16. Suppose 5*o - 2*o = -4*a + j, 159 = 3*o - 3*a. What is the units digit of o?
4
Suppose -3*z = -520 + 94. What is the tens digit of z?
4
Suppose -80 = -2*o + 6. Let k = 37 + o. What is the units digit of k?
0
Suppose 0*p - 6*p = 0. Suppose 5*x - 210 = 4*t, p*t + 66 = 2*x + 2*t. What is the tens digit of x?
3
Suppose 442 + 899 = 3*c. What is the units digit of c?
7
Let b = 40 + -36. Let k(z) = 12*z**2 - 5*z + 13. What is the hundreds digit of k(b)?
1
Let l be ((-12)/(-10))/(4/30). Let w(g) be the first derivative of g**4/4 - 3*g**3 + 10*g - 38. What is the units digit of w(l)?
0
Suppose 4*o = 2*t + t - 11775, 2965 = -o + 5*t. What is the units digit of (24/(-10))/(63/o)?
2
Let q = -392 - -547. What is the tens digit of q?
5
Suppose -5*p + 381 = -3*h - 1892, 2*p = -h + 907. What is the hundreds digit of p?
4
Let z(u) = 5*u**2 - 3*u - 366. What is the hundreds digit of z(-17)?
1
Let h be (2 - 3)*(-9)/(-1). Let d(f) be the second derivative of -f**3/6 + 9*f**2/2 - 11*f. What is the tens digit of d(h)?
1
Let r = -299 - -656. What is the hundreds digit of r?
3
Let j(x) = 9*x**2 - 18*x + 48. What is the units digit of j(-16)?
0
Let o = 183 + -78. Let j = o + -55. Suppose -b + j = b. What is the units digit of b?
5
What is the hundreds digit of 2328/(-12)*((-2 - 0) + -5)?
3
Suppose -4*o = -3*m - 10, 0 = 2*m - o - 0*o. Suppose 0 = x + m*t - 15, -5*t - 2 + 7 = -4*x. Suppose x*k = 20, -q - 23 + 5 = -5*k. What is the units digit of q?
2
Suppose 0*d + c = -5*d + 27, 5 = -d + 5*c. Suppose -7*z + 2*z + 740 = -d*y, -y = z - 150. What is the units digit of z?
9
Let d(k) = k**3 - 5*k**2 + 10*k - 2. Let x be d(5). Suppose 2*y - 4*l - x = 0, 2*y = -4*l + 24 - 8. What is the tens digit of y?
1
Suppose 388 = 5*x - 597. What is the tens digit of x?
9
Let g = 1283 - 521. What is the hundreds digit of g?
7
Suppose -6*o - 259 = -19. Let v = -84 - -170. Let x = v + o. What is the tens digit of x?
4
Let z(l) = l**3 + 6*l**2 - 9*l - 13. Let s be z(-4). Suppose -s*a = -53*a - 206. What is the tens digit of a?
0
Suppose -15098 - 27532 = -30*g. What is the hundreds digit of g?
4
Let n(k) be the first derivative of k**4/4 - k**3/3 - k**2/2 + 3*k - 6. Suppose -4*u = -12, 15 = -2*f - 2*f + 5*u. What is the units digit of n(f)?
3
Let u(g) = -15*g - 60. What is the tens digit of u(-13)?
3
Let y(q) = -31*q**3 - 2*q**2 - 6*q - 4. Suppose -196*v + 192*v = 8. What is the units digit of y(v)?
8
Suppose 0 = 4*g - 5*g + 163. Let f = g - 108. What is the units digit of f?
5
Let m(x) = -17*x + 3 + 8*x + 11*x**2 - x**3 + 1. What is the tens digit of m(9)?
8
What is the tens digit of (-40)/(-30) - 5218/(-6)?
7
Let t(u) = 2 - 5*u - 4 - u**2 + 2*u**2. Let f be t(4). What is the units digit of (-2)/f + (-16)/(-24)?
1
What is the units digit of 1/((-5)/(7330/(-1467)) + -1)?
6
Let d = 11 - -1. Let b be (1 + d/(-20))*15. Suppose n = b + 1. What is the units digit of n?
7
Let k(u) = 13*u - 1. Let x be k(1). Let f = 15 - x. Suppose -f*y - 1 + 16 = 0. What is the units digit of y?
5
Suppose 1051 = -19*n + 26131. What is the units digit of n?
0
Suppose 4*h = -4*w + 16, 5*w - 6*h = -2*h - 7. Let q be 67/17 - (-30)/510. What is the units digit of q*w*(4 - 3)?
4
Let l = -15 - -31. Suppose l*h + 18 = 19*h. What is the units digit of h?
6
Let t = 2243 + -936. What is the hundreds digit of t?
3
Let z = 2 - 1. Suppose 2*k - 3*k - 2 = -5*x, -5*x = -3*k + 4. What is the units digit of k - (z - 6 - -3)?
5
Let s = -2799 + 4460. What is the tens digit of s?
6
Let j be -3 + 22 + 3/(-1). Suppose -j = -5*i - 1. Suppose -i*s + 17 = 4*q, q + s - 2*s = 6. What is the units digit of q?
5
Let o(s) be the third derivative of s**5/30 - s**3/2 + 19*s**2. What is the units digit of o(6)?
9
Suppose 6*r - 1454 - 4984 = 0. What is the hundreds digit of r?
0
Let r(f) = f - 1. Suppose 0*z + 2*z - 5*m = 27, -3*z = 3*m - 9. Let g be r(z). Suppose -4*s - i + 8 = 0, -3*s - 4*i + 24 - g = 0. What is the units digit of s?
1
Suppose -5*p + 6446 = -2*s, 2*p - 5*s = 2110 + 460. What is the units digit of p?
0
Let z = 6096 - 3315. What is the thousands digit of z?
2
Let v(c) = c**2 - 5*c - 4. Let b be v(-3). Suppose -5*y - b = -0*y. Let q = y + 26. What is the tens digit of q?
2
Suppose -2533 = -12*w + 7379. What is the tens digit of w?
2
Let a(q) = 12*q**2 + 7*q + 28. What is the tens digit of a(-6)?
1
Let j = 19 - 19. Suppose j = 3*q - 177 - 156. What is the units digit of q?
1
Let w(r) = -r**2 + r. Let l be w(0). What is the tens digit of (64/(-96))/(2/(-411) + l)?
3
Let k(h) = -h**2 - 6*h + 1. Let x be k(-14). Let l = -5 - x. What is the units digit of l?
6
Let q(t) = -t**3 + 4*t**2 - 9*t + 30. Let l be q(4). What is the tens digit of (1 - (-3095)/10)*l/(-9)?
0
Suppose -2*n = -0*n - 10. Suppose -76 = -n*r + 204. Suppose -4*g + 2*g + r = 0. What is the tens digit of g?
2
Let v(b) = -315*b - 1. Let n be v(1). What is the units digit of n/(-8)*8/12*3?
9
Let a be (-20)/(-7 - 3) + 2. Let y = -42 + 59. What is the tens digit of (-3 - (a + y))*-2?
4
Let g be (-5 + 24/6)*-19*6. Let c = -102 + g. What is the units